{"id":92,"date":"2019-10-03T07:29:20","date_gmt":"2019-10-03T07:29:20","guid":{"rendered":"http:\/\/www.munkavedelem-muveszetesadmin.hu\/?page_id=92"},"modified":"2024-07-23T11:56:37","modified_gmt":"2024-07-23T11:56:37","slug":"kerdezzen-szakertotol","status":"publish","type":"page","link":"https:\/\/www.munkavedelem-muveszetesadmin.hu\/index.php\/kerdezzen-szakertotol\/","title":{"rendered":"K\u00e9rdezzen szak\u00e9rt\u0151t\u0151l"},"content":{"rendered":"<p style=\"text-align: justify;\">Amennyiben k\u00e9rd\u00e9se, vagy \u00e9szrev\u00e9tele lenne a munkav\u00e9delemmel vagy honlapunkkal kapcsolatban, k\u00e9rj\u00fck, hogy a lenti mez\u0151k kit\u00f6lt\u00e9s\u00e9vel k\u00fcldje el nek\u00fcnk. Szak\u00e9rt\u0151nk a lehet\u0151 leghamarabb v\u00e1laszol k\u00e9rd\u00e9s\u00e9re.<\/p>\n","protected":false},"excerpt":{"rendered":"<p>Amennyiben k\u00e9rd\u00e9se, vagy \u00e9szrev\u00e9tele lenne a munkav\u00e9delemmel vagy honlapunkkal kapcsolatban, k\u00e9rj\u00fck, hogy a lenti mez\u0151k kit\u00f6lt\u00e9s\u00e9vel k\u00fcldje el nek\u00fcnk. Szak\u00e9rt\u0151nk a lehet\u0151 leghamarabb v\u00e1laszol k\u00e9rd\u00e9s\u00e9re.<\/p>\n","protected":false},"author":2,"featured_media":0,"parent":0,"menu_order":0,"comment_status":"open","ping_status":"closed","template":"","meta":{"footnotes":""},"class_list":["post-92","page","type-page","status-publish","hentry"],"_links":{"self":[{"href":"https:\/\/www.munkavedelem-muveszetesadmin.hu\/index.php\/wp-json\/wp\/v2\/pages\/92","targetHints":{"allow":["GET"]}}],"collection":[{"href":"https:\/\/www.munkavedelem-muveszetesadmin.hu\/index.php\/wp-json\/wp\/v2\/pages"}],"about":[{"href":"https:\/\/www.munkavedelem-muveszetesadmin.hu\/index.php\/wp-json\/wp\/v2\/types\/page"}],"author":[{"embeddable":true,"href":"https:\/\/www.munkavedelem-muveszetesadmin.hu\/index.php\/wp-json\/wp\/v2\/users\/2"}],"replies":[{"embeddable":true,"href":"https:\/\/www.munkavedelem-muveszetesadmin.hu\/index.php\/wp-json\/wp\/v2\/comments?post=92"}],"version-history":[{"count":2,"href":"https:\/\/www.munkavedelem-muveszetesadmin.hu\/index.php\/wp-json\/wp\/v2\/pages\/92\/revisions"}],"predecessor-version":[{"id":316,"href":"https:\/\/www.munkavedelem-muveszetesadmin.hu\/index.php\/wp-json\/wp\/v2\/pages\/92\/revisions\/316"}],"wp:attachment":[{"href":"https:\/\/www.munkavedelem-muveszetesadmin.hu\/index.php\/wp-json\/wp\/v2\/media?parent=92"}],"curies":[{"name":"wp","href":"https:\/\/api.w.org\/{rel}","templated":true}]}}